 What are the prime factors of y(1)?
5
Let k(n) = -n**3 + 21*n**2 - 34*n - 57. Let t be k(19). Suppose 2555 = 3*m + 4*o, t*m = 14*m + o + 4220. What are the prime factors of m?
5, 13
Let u = 30 - 30. Suppose -4*j - 7 = m, u = -5*j + 2*m - 7*m - 5. Let c = 52 - j. List the prime factors of c.
2, 3
Let d(k) = 90*k**3 + 35*k + 85*k**3 + 25*k**2 + 65 - 176*k**3. List the prime factors of d(26).
13, 23
Suppose 1 = -w, -9 = -2*m + 3*m + 2*w. Let h(f) = 17*f**2 + 4*f + 7. Let u be h(m). Suppose 4*t + 4*b = u, -3*t + 542 = -b - 59. List the prime factors of t.
3, 67
Let x = -3750 + 2572. Let m = -488 - x. List the prime factors of m.
2, 3, 5, 23
Let q be 0 + (-15)/(-10)*8 + -5. Suppose -q*u = -11674 + 3155. List the prime factors of u.
1217
Let k = -57 + 65. What are the prime factors of k/(-32) + (12342/8)/3?
2, 257
Let n be 75/10*(-1 - 1). Suppose 21 - 5 = 4*p, -3*w = 5*p - 6527. List the prime factors of (-2)/(-5) - w/n.
5, 29
Suppose -2*m = 2*k - 7684, -5198 = -2*m + 2*k + 2490. What are the prime factors of m?
3, 7, 61
Suppose 0 = u + u - 504. Suppose 2*q = -3*t + 155, -4*q = -q - 2*t - u. Let y = 160 - q. List the prime factors of y.
2, 3, 13
Suppose -3985*t + 142200 = -3945*t. List the prime factors of t.
3, 5, 79
Let y(o) = -40*o + 41. Let u be y(12). Let k = -16 - u. What are the prime factors of k?
3, 47
Let m = -7456 + 13317. List the prime factors of m.
5861
Let h be (-17016)/((-18)/(-3)) + 6. Let y = h - -4500. What are the prime factors of y?
2, 5, 167
Suppose -34*l = 33*l - 47*l - 289980. List the prime factors of l.
3, 179
Let p = 9229 + -3796. What are the prime factors of p?
3, 1811
List the prime factors of (9 + -8 + -4)/(2/(-446)).
3, 223
Suppose -7*g + 260 = -11*g. Let i = g - -68. What are the prime factors of (-3*(0 + 1))/(i/(-190))?
2, 5, 19
Suppose 20 = 4*b, 4*c - 4*b = 9*c - 30. Suppose 0*o - n - 3029 = -4*o, 0 = c*o + 4*n - 1510. List the prime factors of o.
757
Let n be ((-7)/2)/(4 + 49/(-14)). Let m(j) = -6*j + 5. Let a be m(n). Let x = a + 102. What are the prime factors of x?
149
Let w(a) = -6*a**3 - 4*a**2. Let r be w(-3). Let q = 145 - r. What are the prime factors of q?
19
Suppose -p + 11 = w, 0*w + p + 19 = 4*w. Let v be 2545*1/(-9) + w/(-27). Let u = -161 - v. What are the prime factors of u?
2, 61
Let p(d) = 135*d**3 + d**2 - 4*d + 4. Let i be p(1). Suppose 0 = -5*y - 3*y + i. What are the prime factors of (-1)/((-2)/4*2)*y?
17
Suppose 6*f = -5*h + 52426, 870 = 3*f + 3*h - 25344. List the prime factors of f.
2, 3, 7, 13
Let z be (-6)/(-1) - (-8)/(-2) - -244. Suppose -1988 = 242*q - z*q. List the prime factors of q.
7, 71
Let k(w) be the first derivative of 64*w**2 - 159*w - 7. What are the prime factors of k(13)?
5, 7, 43
Let b(r) = -2*r**2 + 22*r + 111. Let l be b(-4). Let q(z) be the first derivative of 3*z**2/2 + 33*z + 3. What are the prime factors of q(l)?
2, 3
Suppose 0 = -c - 2*l - 6, 5*c - 3*l - 36 = -1. Suppose -9 = -2*j - 5*g, -c*j + g - 6 = -5*j. Suppose -55 = -j*o + 29. List the prime factors of o.
2, 3
Let z(g) be the third derivative of 125*g**4/12 + 4*g**3/3 + 17*g**2. Let i be z(6). Suppose -11*t + 296 = -i. What are the prime factors of t?
2, 41
Suppose 3*o = j + 6, 2*o + 66 = -5*j + j. Let f(g) = 4*g**2 + 20*g + 136. What are the prime factors of f(j)?
2, 23
Let d = 51 - 56. Let y be (3 - d/((-20)/18))*-74. Suppose 3*n = -z + 373, -n + 0*z = 3*z - y. List the prime factors of n.
2, 3, 7
Let h = -41 + 45. Suppose 0 = h*p - 3*t - 39, 0 = -5*p + t + 8 + 27. List the prime factors of (-295)/(-9) - p/(-27).
3, 11
Suppose 4*n - 5*b = 47, 92 = 31*n - 27*n + 4*b. What are the prime factors of (-53)/((-111)/n + 6)?
2, 3, 53
Let m(t) = 211*t**2 - 559*t - 13. What are the prime factors of m(16)?
7, 41, 157
Let t = -35 - -38. Suppose t*j + 0 = 9. What are the prime factors of (-1)/j + 4301/51?
2, 3, 7
Let i = -89 - -44. Let l = 348 + i. What are the prime factors of l?
3, 101
Let s = -2364 + 7073. What are the prime factors of s?
17, 277
Suppose -3*k + 5*r + 19 = -2*k, -r = -5*k + 23. Suppose 2*c = 4*y + 156, -5*c - y + 87 = -k*c. Let z = c + -40. List the prime factors of z.
2, 11
Suppose -8*x + 3856 + 8232 = 0. Suppose 5*h - s - x = 0, -4*h + 1706 = s + 490. List the prime factors of h.
3, 101
What are the prime factors of (-24)/(-18)*(5/(-1) + 6 + 7538)?
2, 7, 359
Let x(j) = 37*j**2 - 39*j - 292. List the prime factors of x(-17).
2, 3, 461
Suppose 4*y - 5*t - 32 = -t, 2*y = 5*t + 31. Let n(k) = -6*k + 18. Let l be n(y). Let z(s) = -s + 56. List the prime factors of z(l).
2, 7
Let m(z) = 4120*z**2 + 18*z - 17. What are the prime factors of m(-2)?
16427
Suppose 0 = 5*f - 50 + 30. Suppose f*n - 1057 = -11*i + 10*i, i + 3 = 0. List the prime factors of n.
5, 53
What are the prime factors of 5531 - (1 + 2)/((-36)/(-96))?
3, 7, 263
Let x(v) = 29*v - 18 - 24*v + 6*v. Suppose 25 + 14 = 3*a. What are the prime factors of x(a)?
5
Suppose 0 = -283*q + 260*q + 194258. What are the prime factors of q?
2, 41, 103
Let t(y) = -8 - 17*y + 16*y**2 + 31 + y**2 - 3*y**2 - y**3. What are the prime factors of t(10)?
11, 23
Let g = 24698 - 11765. What are the prime factors of g?
3, 479
Let z = -105 - -105. List the prime factors of ((-60)/(-6 + z))/(0 + 2).
5
Suppose 0 = 2*t - 1371 - 7. Let w = 27 + t. What are the prime factors of w?
2, 179
Suppose 40*q - 4 = 36*q, -24*q = 2*t - 41430. What are the prime factors of t?
3, 67, 103
Let p(g) = -g**3 + g**2 + 2*g. Let v be p(2). Suppose v = 7*k + 537 - 145. Let r = k - -75. What are the prime factors of r?
19
Suppose 41069 = 25*o + 7129 - 11735. List the prime factors of o.
3, 7, 29
Let l(h) = -2568*h + 673. List the prime factors of l(-8).
7, 433
What are the prime factors of 2635295/(-260)*(-1 + -3)?
40543
List the prime factors of (-22)/20 + 3/5 - 439270/(-52).
8447
Let p(m) be the first derivative of m**4/4 + 5*m**3/3 + 6*m + 91. Suppose -12 = 2*g - 4*w, -3*w - 3 = -3*g - 4*w. List the prime factors of p(g).
2, 3
Let d(t) = 6*t + 28. Let b be 1*(-32)/(-40) - (-42)/10. Suppose 4*o + 8 = 0, a - 16 = -0*a + b*o. List the prime factors of d(a).
2
Suppose 2*j - 5*y - 30 = 0, -j + 25 = -5*y + 5. Let c be (-4)/10*1 - (-1164)/j. What are the prime factors of 2/(8/c) + 0?
29
Let p(m) = -m**2 + 2*m + 31. Let f be p(6). Suppose -f*q - 240 = -3355. List the prime factors of q.
5, 89
Let s(z) be the first derivative of -z**4/4 + 22*z**3/3 - 9*z**2/2 + 30*z - 23. List the prime factors of s(21).
2, 3, 47
Let s(n) = 8*n + 4 + n + n**2 - 23*n + n**2. List the prime factors of s(-9).
2, 73
Let g be (92*11/(-88))/(2/(-8)). Suppose -g*i + 28*i = -30240. What are the prime factors of i?
2, 3, 5, 7
Suppose -5*c - 329 = 941. Let p = -131 - c. What are the prime factors of p?
3, 41
List the prime factors of ((-115)/15)/((-11)/3531).
23, 107
Let n(w) = -12*w - 132. Let b be n(-11). Suppose 9*l - 151 - 9056 = b. List the prime factors of l.
3, 11, 31
Suppose 3*z - 13*z + 5180 = 0. Suppose 46*g - 44*g = z. What are the prime factors of g?
7, 37
Suppose 0*b + 1 = -2*r + 3*b, 2*r = 4*b - 2. Suppose j + t + 0*t = r, 2*j - 3*t = 27. List the prime factors of (5 - j)/((-2)/278).
139
Let u be 1/(-5 + 4)*3. Let q(t) = -2*t + t - 4*t - 7. What are the prime factors of q(u)?
2
Let i = -269 - -387. Let k = -91 - -23. Let f = i + k. What are the prime factors of f?
2, 5
Let p = 5284 - -16217. What are the prime factors of p?
3, 2389
What are the prime factors of 862*(-1 - 3 - -5)*2?
2, 431
Let t be 18/2 + 2 + (-2 - -2). Suppose j = r + 377, 12 - t = r. List the prime factors of j.
2, 3, 7
Suppose 22572 = 2*w + 52*w. What are the prime factors of w?
2, 11, 19
Let o(p) = -42293 - 7*p + 42168 - 48*p. What are the prime factors of o(-11)?
2, 3, 5
Let f(l) be the first derivative of -4*l**2 - 4*l + 18. Let m be f(25). Let r = m + 337. List the prime factors of r.
7, 19
Suppose -5*o + 11269 = -4*w, -w = -487*o + 491*o - 9011. List the prime factors of o.
3, 751
Let r = 25777 + -11861. List the prime factors of r.
2, 7, 71
Let l be 1/(-5 + (-73293)/(-14658)). Suppose 27*w - l = 20*w. What are the prime factors of w?
2, 349
Suppose 0 = 15*i - 131 + 401. Let m(n) = -100*n - 151. What are the prime factors of m(i)?
17, 97
Suppose -2*v + 2 = -2*q, -2*v = 2*q - 2 - 8. Let c be ((-20)/(-1))/(-5) - v. What are the prime fac